{"id":1819,"date":"2016-08-04T10:51:30","date_gmt":"2016-08-04T10:51:30","guid":{"rendered":"http:\/\/visitbegur.cat\/el-clima\/"},"modified":"2022-10-26T10:53:40","modified_gmt":"2022-10-26T10:53:40","slug":"el-clima","status":"publish","type":"page","link":"https:\/\/visitbegur.cat\/es\/el-clima\/","title":{"rendered":"El Clima"},"content":{"rendered":"<div id=\"pl-1819\"  class=\"panel-layout\" ><div id=\"pg-1819-0\"  class=\"panel-grid panel-no-style\" ><div id=\"pgc-1819-0-0\"  class=\"panel-grid-cell\" ><div id=\"panel-1819-0-0-0\" class=\"so-panel widget widget_sow-editor panel-first-child panel-last-child\" data-index=\"0\" ><div class=\"so-widget-sow-editor so-widget-sow-editor-base\"><h3 class=\"widget-title\">El Clima<\/h3>\n<div class=\"siteorigin-widget-tinymce textwidget\">\n\t<p>Begur se encuentra en la comarca del Baix Empord\u00e0. Forma parte de la zona que se conoce como el Empordanet.<\/p>\n<p>El clima de la comarca de El Baix Empord\u00e0 es Mediterr\u00e1neo Litoral Norte, aunque localmente, en el interior tiene caracter\u00edsticas de un clima Mediterr\u00e1neo Prelitoral Norte. El r\u00e9gimen t\u00e9rmico en verano es relativamente caluroso, mientras que en invierno es moderado, siendo casi suave en la costa norte. As\u00ed, la amplitud t\u00e9rmica anual es baja. La media de temperaturas es templada por su situaci\u00f3n frente al mar, teniendo los meses de enero m\u00e1s c\u00e1lidos de Catalu\u00f1a (11 \u00b0 C de media) y un agosto relativamente fresco (24 \u00b0 C de media). S\u00f3lo se consideran \u00e1ridos los meses de julio y agosto. El per\u00edodo con probabilidad de heladas queda comprendido entre los meses de noviembre y marzo.<br \/>\nLa distribuci\u00f3n de la precipitaci\u00f3n en la comarca de El Baix Empord\u00e0 es bastante regular a lo largo de todo el a\u00f1o, aunque hay un m\u00e1ximo bastante destacado en oto\u00f1o, con un total anual escaso.<br \/>\nEn el Baix Empord\u00e0 hay que destacar tres vientos:<br \/>\n- La Tramontana: Viento del norte con una fuerza muy notable, generalmente de invierno, que domina toda la llanura del Empord\u00e0 y es el m\u00e1s caracter\u00edstico.<br \/>\n- El Garb\u00ed: Suele soplar en la monta\u00f1a y en la costa sobre todo en los veranos, con intensidad y direcciones variables.<br \/>\n- El Levante: Predomina en la costa en las estaciones de primavera y oto\u00f1o.<\/p>\n<p>&nbsp;<\/p>\n<\/div>\n<\/div><\/div><\/div><div id=\"pgc-1819-0-1\"  class=\"panel-grid-cell\" ><div id=\"panel-1819-0-1-0\" class=\"so-panel widget widget_sow-image panel-first-child panel-last-child\" data-index=\"1\" ><div class=\"so-widget-sow-image so-widget-sow-image-default-d6014b76747a\">\n\n<div class=\"sow-image-container\">\n\t<img src=\"https:\/\/visitbegur.cat\/wp-content\/uploads\/2022\/10\/Fornells-Dron-1.jpg\" width=\"1366\" height=\"768\" srcset=\"https:\/\/visitbegur.cat\/wp-content\/uploads\/2022\/10\/Fornells-Dron-1.jpg 1366w, https:\/\/visitbegur.cat\/wp-content\/uploads\/2022\/10\/Fornells-Dron-1-300x169.jpg 300w, https:\/\/visitbegur.cat\/wp-content\/uploads\/2022\/10\/Fornells-Dron-1-1024x576.jpg 1024w, https:\/\/visitbegur.cat\/wp-content\/uploads\/2022\/10\/Fornells-Dron-1-768x432.jpg 768w, https:\/\/visitbegur.cat\/wp-content\/uploads\/2022\/10\/Fornells-Dron-1-1200x675.jpg 1200w\" sizes=\"(max-width: 709px) 85vw, (max-width: 909px) 67vw, (max-width: 1362px) 62vw, 840px\" title=\"Fornells Dron (1)\" alt=\"\" \t\tclass=\"so-widget-image\"\/>\n<\/div>\n\n<\/div><\/div><\/div><\/div><\/div>","protected":false},"excerpt":{"rendered":"<p>Begur se encuentra en la comarca del Baix Empord\u00e0. Forma parte de la zona que se conoce como el Empordanet. El clima de la comarca de El Baix Empord\u00e0 es Mediterr\u00e1neo Litoral Norte, aunque localmente, en el interior tiene caracter\u00edsticas de un clima Mediterr\u00e1neo Prelitoral Norte. El r\u00e9gimen t\u00e9rmico en verano es relativamente caluroso, mientras &hellip; <a href=\"https:\/\/visitbegur.cat\/es\/el-clima\/\" class=\"more-link\">Continuar leyendo<span class=\"screen-reader-text\"> \u00abEl Clima\u00bb<\/span><\/a><\/p>\n","protected":false},"author":7,"featured_media":0,"parent":0,"menu_order":145,"comment_status":"closed","ping_status":"closed","template":"page-templates\/begur.php","meta":[],"acf":[],"yoast_head":"<!-- This site is optimized with the Yoast SEO plugin v18.3 - https:\/\/yoast.com\/wordpress\/plugins\/seo\/ -->\n<title>El Clima - Visit Begur<\/title>\n<meta name=\"robots\" content=\"index, follow, max-snippet:-1, max-image-preview:large, max-video-preview:-1\" \/>\n<link rel=\"canonical\" href=\"https:\/\/visitbegur.cat\/es\/el-clima\/\" \/>\n<meta property=\"og:locale\" content=\"es_ES\" \/>\n<meta property=\"og:type\" content=\"article\" \/>\n<meta property=\"og:title\" content=\"El Clima - Visit Begur\" \/>\n<meta property=\"og:description\" content=\"Begur se encuentra en la comarca del Baix Empord\u00e0. Forma parte de la zona que se conoce como el Empordanet. El clima de la comarca de El Baix Empord\u00e0 es Mediterr\u00e1neo Litoral Norte, aunque localmente, en el interior tiene caracter\u00edsticas de un clima Mediterr\u00e1neo Prelitoral Norte. El r\u00e9gimen t\u00e9rmico en verano es relativamente caluroso, mientras &hellip; Continuar leyendo &quot;El Clima&quot;\" \/>\n<meta property=\"og:url\" content=\"https:\/\/visitbegur.cat\/es\/el-clima\/\" \/>\n<meta property=\"og:site_name\" content=\"Visit Begur\" \/>\n<meta property=\"article:modified_time\" content=\"2022-10-26T10:53:40+00:00\" \/>\n<meta name=\"twitter:card\" content=\"summary\" \/>\n<script type=\"application\/ld+json\" class=\"yoast-schema-graph\">{\"@context\":\"https:\/\/schema.org\",\"@graph\":[{\"@type\":\"WebSite\",\"@id\":\"https:\/\/visitbegur.cat\/#website\",\"url\":\"https:\/\/visitbegur.cat\/\",\"name\":\"Visit Begur\",\"description\":\"Otro sitio realizado con WordPress\",\"potentialAction\":[{\"@type\":\"SearchAction\",\"target\":{\"@type\":\"EntryPoint\",\"urlTemplate\":\"https:\/\/visitbegur.cat\/?s={search_term_string}\"},\"query-input\":\"required name=search_term_string\"}],\"inLanguage\":\"es\"},{\"@type\":\"WebPage\",\"@id\":\"https:\/\/visitbegur.cat\/es\/el-clima\/#webpage\",\"url\":\"https:\/\/visitbegur.cat\/es\/el-clima\/\",\"name\":\"El Clima - Visit Begur\",\"isPartOf\":{\"@id\":\"https:\/\/visitbegur.cat\/#website\"},\"datePublished\":\"2016-08-04T10:51:30+00:00\",\"dateModified\":\"2022-10-26T10:53:40+00:00\",\"breadcrumb\":{\"@id\":\"https:\/\/visitbegur.cat\/es\/el-clima\/#breadcrumb\"},\"inLanguage\":\"es\",\"potentialAction\":[{\"@type\":\"ReadAction\",\"target\":[\"https:\/\/visitbegur.cat\/es\/el-clima\/\"]}]},{\"@type\":\"BreadcrumbList\",\"@id\":\"https:\/\/visitbegur.cat\/es\/el-clima\/#breadcrumb\",\"itemListElement\":[{\"@type\":\"ListItem\",\"position\":1,\"name\":\"Home\",\"item\":\"https:\/\/visitbegur.cat\/es\/\"},{\"@type\":\"ListItem\",\"position\":2,\"name\":\"El Clima\"}]}]}<\/script>\n<!-- \/ Yoast SEO plugin. -->","yoast_head_json":{"title":"El Clima - Visit Begur","robots":{"index":"index","follow":"follow","max-snippet":"max-snippet:-1","max-image-preview":"max-image-preview:large","max-video-preview":"max-video-preview:-1"},"canonical":"https:\/\/visitbegur.cat\/es\/el-clima\/","og_locale":"es_ES","og_type":"article","og_title":"El Clima - Visit Begur","og_description":"Begur se encuentra en la comarca del Baix Empord\u00e0. Forma parte de la zona que se conoce como el Empordanet. El clima de la comarca de El Baix Empord\u00e0 es Mediterr\u00e1neo Litoral Norte, aunque localmente, en el interior tiene caracter\u00edsticas de un clima Mediterr\u00e1neo Prelitoral Norte. El r\u00e9gimen t\u00e9rmico en verano es relativamente caluroso, mientras &hellip; Continuar leyendo \"El Clima\"","og_url":"https:\/\/visitbegur.cat\/es\/el-clima\/","og_site_name":"Visit Begur","article_modified_time":"2022-10-26T10:53:40+00:00","twitter_card":"summary","schema":{"@context":"https:\/\/schema.org","@graph":[{"@type":"WebSite","@id":"https:\/\/visitbegur.cat\/#website","url":"https:\/\/visitbegur.cat\/","name":"Visit Begur","description":"Otro sitio realizado con WordPress","potentialAction":[{"@type":"SearchAction","target":{"@type":"EntryPoint","urlTemplate":"https:\/\/visitbegur.cat\/?s={search_term_string}"},"query-input":"required name=search_term_string"}],"inLanguage":"es"},{"@type":"WebPage","@id":"https:\/\/visitbegur.cat\/es\/el-clima\/#webpage","url":"https:\/\/visitbegur.cat\/es\/el-clima\/","name":"El Clima - Visit Begur","isPartOf":{"@id":"https:\/\/visitbegur.cat\/#website"},"datePublished":"2016-08-04T10:51:30+00:00","dateModified":"2022-10-26T10:53:40+00:00","breadcrumb":{"@id":"https:\/\/visitbegur.cat\/es\/el-clima\/#breadcrumb"},"inLanguage":"es","potentialAction":[{"@type":"ReadAction","target":["https:\/\/visitbegur.cat\/es\/el-clima\/"]}]},{"@type":"BreadcrumbList","@id":"https:\/\/visitbegur.cat\/es\/el-clima\/#breadcrumb","itemListElement":[{"@type":"ListItem","position":1,"name":"Home","item":"https:\/\/visitbegur.cat\/es\/"},{"@type":"ListItem","position":2,"name":"El Clima"}]}]}},"_links":{"self":[{"href":"https:\/\/visitbegur.cat\/es\/wp-json\/wp\/v2\/pages\/1819"}],"collection":[{"href":"https:\/\/visitbegur.cat\/es\/wp-json\/wp\/v2\/pages"}],"about":[{"href":"https:\/\/visitbegur.cat\/es\/wp-json\/wp\/v2\/types\/page"}],"author":[{"embeddable":true,"href":"https:\/\/visitbegur.cat\/es\/wp-json\/wp\/v2\/users\/7"}],"replies":[{"embeddable":true,"href":"https:\/\/visitbegur.cat\/es\/wp-json\/wp\/v2\/comments?post=1819"}],"version-history":[{"count":5,"href":"https:\/\/visitbegur.cat\/es\/wp-json\/wp\/v2\/pages\/1819\/revisions"}],"predecessor-version":[{"id":24348,"href":"https:\/\/visitbegur.cat\/es\/wp-json\/wp\/v2\/pages\/1819\/revisions\/24348"}],"wp:attachment":[{"href":"https:\/\/visitbegur.cat\/es\/wp-json\/wp\/v2\/media?parent=1819"}],"curies":[{"name":"wp","href":"https:\/\/api.w.org\/{rel}","templated":true}]}}

<div id="pl-1819"  class="panel-layout" ><div id="pg-1819-0"  class="panel-grid panel-no-style" ><div id="pgc-1819-0-0"  class="panel-grid-cell" ><div id="panel-1819-0-0-0" class="so-panel widget widget_sow-editor panel-first-child panel-last-child" data-index="0" ><div class="so-widget-sow-editor so-widget-sow-editor-base"><h3 class="widget-title">El Clima</h3>
<div class="siteorigin-widget-tinymce textwidget">
	<p>Begur se encuentra en la comarca del Baix Empordà. Forma parte de la zona que se conoce como el Empordanet.</p>
<p>El clima de la comarca de El Baix Empordà es Mediterráneo Litoral Norte, aunque localmente, en el interior tiene características de un clima Mediterráneo Prelitoral Norte. El régimen térmico en verano es relativamente caluroso, mientras que en invierno es moderado, siendo casi suave en la costa norte. Así, la amplitud térmica anual es baja. La media de temperaturas es templada por su situación frente al mar, teniendo los meses de enero más cálidos de Cataluña (11 ° C de media) y un agosto relativamente fresco (24 ° C de media). Sólo se consideran áridos los meses de julio y agosto. El período con probabilidad de heladas queda comprendido entre los meses de noviembre y marzo.<br />
La distribución de la precipitación en la comarca de El Baix Empordà es bastante regular a lo largo de todo el año, aunque hay un máximo bastante destacado en otoño, con un total anual escaso.<br />
En el Baix Empordà hay que destacar tres vientos:<br />
- La Tramontana: Viento del norte con una fuerza muy notable, generalmente de invierno, que domina toda la llanura del Empordà y es el más característico.<br />
- El Garbí: Suele soplar en la montaña y en la costa sobre todo en los veranos, con intensidad y direcciones variables.<br />
- El Levante: Predomina en la costa en las estaciones de primavera y otoño.</p>
<p>&nbsp;</p>
</div>
</div></div></div><div id="pgc-1819-0-1"  class="panel-grid-cell" ><div id="panel-1819-0-1-0" class="so-panel widget widget_sow-image panel-first-child panel-last-child" data-index="1" ><div class="so-widget-sow-image so-widget-sow-image-default-d6014b76747a">

<div class="sow-image-container">
	<img src="https://visitbegur.cat/wp-content/uploads/2022/10/Fornells-Dron-1.jpg" width="1366" height="768" srcset="https://visitbegur.cat/wp-content/uploads/2022/10/Fornells-Dron-1.jpg 1366w, https://visitbegur.cat/wp-content/uploads/2022/10/Fornells-Dron-1-300x169.jpg 300w, https://visitbegur.cat/wp-content/uploads/2022/10/Fornells-Dron-1-1024x576.jpg 1024w, https://visitbegur.cat/wp-content/uploads/2022/10/Fornells-Dron-1-768x432.jpg 768w, https://visitbegur.cat/wp-content/uploads/2022/10/Fornells-Dron-1-1200x675.jpg 1200w" sizes="(max-width: 709px) 85vw, (max-width: 909px) 67vw, (max-width: 1362px) 62vw, 840px" title="Fornells Dron (1)" alt="" 		class="so-widget-image"/>
</div>

</div></div></div></div></div>

<p>Begur se encuentra en la comarca del Baix Empordà. Forma parte de la zona que se conoce como el Empordanet. El clima de la comarca de El Baix Empordà es Mediterráneo Litoral Norte, aunque localmente, en el interior tiene características de un clima Mediterráneo Prelitoral Norte. El régimen térmico en verano es relativamente caluroso, mientras &hellip; <a href="https://visitbegur.cat/es/el-clima/" class="more-link">Continuar leyendo<span class="screen-reader-text"> «El Clima»</span></a></p>

<!-- This site is optimized with the Yoast SEO plugin v18.3 - https://yoast.com/wordpress/plugins/seo/ -->
<title>El Clima - Visit Begur</title>
<meta name="robots" content="index, follow, max-snippet:-1, max-image-preview:large, max-video-preview:-1" />
<link rel="canonical" href="https://visitbegur.cat/es/el-clima/" />
<meta property="og:locale" content="es_ES" />
<meta property="og:type" content="article" />
<meta property="og:title" content="El Clima - Visit Begur" />
<meta property="og:description" content="Begur se encuentra en la comarca del Baix Empordà. Forma parte de la zona que se conoce como el Empordanet. El clima de la comarca de El Baix Empordà es Mediterráneo Litoral Norte, aunque localmente, en el interior tiene características de un clima Mediterráneo Prelitoral Norte. El régimen térmico en verano es relativamente caluroso, mientras &hellip; Continuar leyendo &quot;El Clima&quot;" />
<meta property="og:url" content="https://visitbegur.cat/es/el-clima/" />
<meta property="og:site_name" content="Visit Begur" />
<meta property="article:modified_time" content="2022-10-26T10:53:40+00:00" />
<meta name="twitter:card" content="summary" />
<script type="application/ld+json" class="yoast-schema-graph">{"@context":"https://schema.org","@graph":[{"@type":"WebSite","@id":"https://visitbegur.cat/#website","url":"https://visitbegur.cat/","name":"Visit Begur","description":"Otro sitio realizado con WordPress","potentialAction":[{"@type":"SearchAction","target":{"@type":"EntryPoint","urlTemplate":"https://visitbegur.cat/?s={search_term_string}"},"query-input":"required name=search_term_string"}],"inLanguage":"es"},{"@type":"WebPage","@id":"https://visitbegur.cat/es/el-clima/#webpage","url":"https://visitbegur.cat/es/el-clima/","name":"El Clima - Visit Begur","isPartOf":{"@id":"https://visitbegur.cat/#website"},"datePublished":"2016-08-04T10:51:30+00:00","dateModified":"2022-10-26T10:53:40+00:00","breadcrumb":{"@id":"https://visitbegur.cat/es/el-clima/#breadcrumb"},"inLanguage":"es","potentialAction":[{"@type":"ReadAction","target":["https://visitbegur.cat/es/el-clima/"]}]},{"@type":"BreadcrumbList","@id":"https://visitbegur.cat/es/el-clima/#breadcrumb","itemListElement":[{"@type":"ListItem","position":1,"name":"Home","item":"https://visitbegur.cat/es/"},{"@type":"ListItem","position":2,"name":"El Clima"}]}]}</script>
<!-- / Yoast SEO plugin. -->

Begur se encuentra en la comarca del Baix Empordà. Forma parte de la zona que se conoce como el Empordanet. El clima de la comarca de El Baix Empordà es Mediterráneo Litoral Norte, aunque localmente, en el interior tiene características de un clima Mediterráneo Prelitoral Norte. El régimen térmico en verano es relativamente caluroso, mientras &hellip; Continuar leyendo "El Clima"
