{"version":"1.0","provider_name":"Visit Begur","provider_url":"https:\/\/visitbegur.cat\/es\/","author_name":"6tems","author_url":"https:\/\/visitbegur.cat\/es\/author\/6tems\/","title":"El Clima - Visit Begur","type":"rich","width":600,"height":338,"html":"<blockquote class=\"wp-embedded-content\"><a href=\"https:\/\/visitbegur.cat\/es\/el-clima\/\">El Clima<\/a><\/blockquote>\n<script type='text\/javascript'>\n<!--\/\/--><![CDATA[\/\/><!--\n\t\t\/*! This file is auto-generated *\/\n\t\t!function(d,l){\"use strict\";var e=!1,n=!1;if(l.querySelector)if(d.addEventListener)e=!0;if(d.wp=d.wp||{},!d.wp.receiveEmbedMessage)if(d.wp.receiveEmbedMessage=function(e){var t=e.data;if(t)if(t.secret||t.message||t.value)if(!\/[^a-zA-Z0-9]\/.test(t.secret)){for(var r,i,a,s=l.querySelectorAll('iframe[data-secret=\"'+t.secret+'\"]'),n=l.querySelectorAll('blockquote[data-secret=\"'+t.secret+'\"]'),o=new RegExp(\"^https?:$\",\"i\"),c=0;c<n.length;c++)n[c].style.display=\"none\";for(c=0;c<s.length;c++)if(r=s[c],e.source===r.contentWindow){if(r.removeAttribute(\"style\"),\"height\"===t.message){if(1e3<(a=parseInt(t.value,10)))a=1e3;else if(~~a<200)a=200;r.height=a}if(\"link\"===t.message)if(i=l.createElement(\"a\"),a=l.createElement(\"a\"),i.href=r.getAttribute(\"src\"),a.href=t.value,o.test(a.protocol))if(a.host===i.host)if(l.activeElement===r)d.top.location.href=t.value}}},e)d.addEventListener(\"message\",d.wp.receiveEmbedMessage,!1),l.addEventListener(\"DOMContentLoaded\",t,!1),d.addEventListener(\"load\",t,!1);function t(){if(!n){n=!0;for(var e,t,r=-1!==navigator.appVersion.indexOf(\"MSIE 10\"),i=!!navigator.userAgent.match(\/Trident.*rv:11\\.\/),a=l.querySelectorAll(\"iframe.wp-embedded-content\"),s=0;s<a.length;s++){if(!(e=a[s]).getAttribute(\"data-secret\"))t=Math.random().toString(36).substr(2,10),e.src+=\"#?secret=\"+t,e.setAttribute(\"data-secret\",t);if(r||i)(t=e.cloneNode(!0)).removeAttribute(\"security\"),e.parentNode.replaceChild(t,e)}}}}(window,document);\n\/\/--><!]]>\n<\/script><iframe sandbox=\"allow-scripts\" security=\"restricted\" src=\"https:\/\/visitbegur.cat\/es\/el-clima\/embed\/\" width=\"600\" height=\"338\" title=\"\u00abEl Clima\u00bb \u2014 Visit Begur\" frameborder=\"0\" marginwidth=\"0\" marginheight=\"0\" scrolling=\"no\" class=\"wp-embedded-content\"><\/iframe>","description":"El Clima Begur se encuentra en la comarca del Baix Empord\u00e0. Forma parte de la zona que se conoce como el Empordanet. El clima de la comarca de El Baix Empord\u00e0 es Mediterr\u00e1neo Litoral Norte, aunque localmente, en el interior tiene caracter\u00edsticas de un clima Mediterr\u00e1neo Prelitoral Norte. El r\u00e9gimen t\u00e9rmico en verano es relativamente &hellip; Continuar leyendo \"\""}

El Clima Begur se encuentra en la comarca del Baix Empordà. Forma parte de la zona que se conoce como el Empordanet. El clima de la comarca de El Baix Empordà es Mediterráneo Litoral Norte, aunque localmente, en el interior tiene características de un clima Mediterráneo Prelitoral Norte. El régimen térmico en verano es relativamente &hellip; Continuar leyendo ""
